2573?
-2567
In base 7, what is 1 - -1662?
1663
In base 13, what is 167 - 2?
165
In base 5, what is 103 - -1002?
1110
In base 14, what is 2 - 169?
-167
In base 10, what is 2 - -3880?
3882
In base 16, what is -11ce + 1?
-11cd
In base 7, what is -2142 + 23?
-2116
In base 8, what is -734 - 24?
-760
In base 7, what is 613 + 0?
613
In base 3, what is -1 - -2210102?
2210101
In base 3, what is -202000 + 20?
-201210
In base 14, what is -934 - 4?
-938
In base 8, what is 3 - 1512?
-1507
In base 6, what is 1 - -3022?
3023
In base 5, what is 4 + 30203?
30212
In base 8, what is -1 + 7?
6
In base 15, what is -6 - -3?
-3
In base 3, what is -1020 - -20?
-1000
In base 15, what is -2 - -48?
46
In base 2, what is 10 + -11110110110?
-11110110100
In base 9, what is 611 - 3?
607
In base 2, what is 10110010101 + -11?
10110010010
In base 4, what is -1 - -1300?
1233
In base 4, what is 321013 - 3?
321010
In base 12, what is 85 - -2?
87
In base 6, what is 450 + 4?
454
In base 4, what is -23 - -3232?
3203
In base 4, what is -300013 + -11?
-300030
In base 14, what is 4 - -23?
27
In base 6, what is 3 - 201?
-154
In base 3, what is -22100211 - 22?
-22101010
In base 2, what is 1000000 - -1011010?
10011010
In base 11, what is -3a + 0?
-3a
In base 11, what is 11aa + 5?
1204
In base 9, what is 5 + -52?
-46
In base 12, what is 30 - 40?
-10
In base 16, what is -1091 + 3?
-108e
In base 11, what is -946 - 0?
-946
In base 5, what is 314301 - 4?
314242
In base 16, what is 1 + -10c?
-10b
In base 11, what is 1271 + 0?
1271
In base 4, what is 11 - 12?
-1
In base 11, what is 4 - 83?
-7a
In base 12, what is -3 + -55?
-58
In base 16, what is f - 33?
-24
In base 16, what is 15 + 92?
a7
In base 12, what is a6 - -3?
a9
In base 6, what is 115 + 45?
204
In base 16, what is 72 - -7?
79
In base 14, what is 2 - -35?
37
In base 5, what is -3 + 340?
332
In base 5, what is 10 + -241?
-231
In base 13, what is 23 - 13?
10
In base 16, what is 0 - -d4?
d4
In base 12, what is 6a + 10?
7a
In base 16, what is 5 - 1fdd?
-1fd8
In base 11, what is 5 + -326?
-321
In base 2, what is -1110 - 101011101?
-101101011
In base 7, what is 5 + -100?
-62
In base 11, what is -51 - 37?
-88
In base 10, what is -177 + 24?
-153
In base 15, what is 3b + -14?
27
In base 12, what is -a4 - 22?
-106
In base 4, what is -11 + -1?
-12
In base 13, what is 549 + -3?
546
In base 10, what is -1 + -39?
-40
In base 3, what is -100012 - 10?
-100022
In base 11, what is -5 + -80?
-85
In base 6, what is 45 - 102?
-13
In base 12, what is 24 + -6?
1a
In base 4, what is -1 - -330?
323
In base 15, what is -172 - -9?
-168
In base 6, what is 1 + -2141?
-2140
In base 7, what is -146 + -15?
-164
In base 11, what is -92 + -4?
-96
In base 6, what is -1 - 5?
-10
In base 2, what is 111000010001 - -1?
111000010010
In base 13, what is 441 + 5?
446
In base 14, what is -33 + -2?
-35
In base 13, what is -22 + 6?
-19
In base 4, what is -110 - -22?
-22
In base 8, what is 4 + 2761?
2765
In base 8, what is 1 - 13?
-12
In base 2, what is 1011000000 - -100?
1011000100
In base 14, what is 5 + 31?
36
In base 8, what is 7 - 1475?
-1466
In base 12, what is -1 - -427?
426
In base 13, what is -7 - 37?
-41
In base 8, what is -126 + -4?
-132
In base 3, what is 12 + 10?
22
In base 7, what is -560 + 3?
-554
In base 2, what is 111 + 10001110101?
10001111100
In base 4, what is 113 + 123?
302
In base 16, what is -5 + 16e5?
16e0
In base 4, what is -101 + 1230?
1123
In base 4, what is -13222 + -200?
-20022
In base 10, what is 4 + 2633?
2637
In base 6, what is -5 - 43?
-52
In base 10, what is -105 - 3?
-108
In base 6, what is -24 + 2540?
2512
In base 13, what is -3 + 36?
33
In base 6, what is 3 - 425?
-422
In base 4, what is -20 - 211?
-231
In base 5, what is -12 - -1400?
1333
In base 10, what is -2 - -3955?
3953
In base 6, what is 1 + -110?
-105
In base 13, what is 30 - 1?
2c
In base 11, what is 7 + 17?
23
In base 16, what is 3 + 48?
4b
In base 7, what is -12 - 3006?
-3021
In base 2, what is 1101111 - 1?
1101110
In base 10, what is -27 + -6?
-33
In base 8, what is -5455 + -3?
-5460
In base 9, what is -4 + -2631?
-2635
In base 5, what is 0 + 3113?
3113
In base 9, what is 44 + 12?
56
In base 5, what is -12 - 212?
-224
In base 14, what is 0 - -2?
2
In base 10, what is 6181 - 1?
6180
In base 6, what is 141 - 124?
13
In base 14, what is 2 + -16d?
-16b
In base 4, what is -111 + 1020?
303
In base 6, what is 142011 - 0?
142011
In base 15, what is 2 - 12c?
-12a
In base 5, what is -10 + 320?
310
In base 10, what is 5369 - 3?
5366
In base 5, what is 104 - -42?
201
In base 13, what is 9 - 51?
-45
In base 3, what is 2 - 2222?
-2220
In base 11, what is -2 - -145?
143
In base 2, what is -10 + 11001?
10111
In base 12, what is 1ab - -9?
1b8
In base 16, what is -5 - -9?
4
In base 7, what is 46 + -202?
-123
In base 8, what is -5 - -2325?
2320
In base 6, what is -33 - -4?
-25
In base 7, what is -1 - 36?
-40
In base 10, what is -193 - 2?
-195
In base 8, what is 3141 + 0?
3141
In base 4, what is -11 + 32003?
31332
In base 11, what is -440 + 1?
-43a
In base 16, what is -2 + 9?
7
In base 14, what is 200 - 3b?
1a3
In base 14, what is 12ca - -9?
12d5
In base 2, what is -11010 + -1100?
-100110
In base 12, what is 80 + 0?
80
In base 12, what is -85 - 14?
-99
In base 2, what is 1000 + 1000?
10000
In base 15, what is -6 - -a4a?
a44
In base 14, what is -5 - 1bb?
-1c2
In base 4, what is 11 - -2303?
2320
In base 16, what is 5 + 1c?
21
In base 14, what is 1 + d5?
d6
In base 9, what is -4 + -17?
-22
In base 2, what is -101 - 1100100111110?
-1100101000011
In base 3, what is -10 - 12121222?
-12122002
In base 16, what is 2 - 7c?
-7a
In base 12, what is -2 - 15?
-17
In base 16, what is -4 - -15?
11
In base 2, what is -1011110101000 - -10?
-1011110100110
In base 4, what is 10 - -1332?
2002
In base 4, what is 20 - 200?
-120
In base 9, what is 67 + 1?
68
In base 3, what is -10202 + 10?
-10122
In base 14, what is 2552 - -2?
2554
In base 16, what is 5 - -3b7?
3bc
In base 4, what is -12 - 102?
-120
In base 6, what is -51 + -14?
-105
In base 14, what is -bd - -1?
-bc
In base 4, what is -10 + 23330?
23320
In base 9, what is 22 - 685?
-663
In base 11, what is 133 + 4?
137
In base 9, what is -7125 - 4?
-7130
In base 16, what is b - -bc?
c7
In base 10, what is -6022 - -2?
-6020
In base 15, what is a - 4?
6
In base 9, what is -68 + 5?
-63
In base 2, what is 10001 + 1101011?
1111100
In base 14, what is -706 - -1?
-705
In base 15, what is 1 + 73?
74
In base 5, what is 4 - 3130?
-3121
In base 5, what is -121 - -421?
300
In base 13, what is 5 + a28?
a30
In base 7, what is -10 + 62?
52
In base 3, what is -1220 + 1?
-1212
In base 14, what is a18 - -1?
a19
In base 9, what is -3 + 4602?
4588
In base 9, what is -241 + -4?
-245
In base 11, what is 2 - -338?
33a
In base 8, what is 11 - 1?
10
In base 10, what is -1 + 12?
11
In base 7, what is -16035 - 1?
-16036
In base 7, what is 36 - -3?
42
In base 11, what is 49 + 0?
49
In base 13, what is b80 - -1?
b81
In base 12, what is 0 - -3b6?
3b6
In base 2, what is 11 - 11111010100?
-11111010001
In base 11, what is 3 + 76?
79
In base 13, what is 4c6 - 0?
4c6
In base 2, what is 1101010000 - 100?
1101001100
In base 13, what is 55 + 11b?
173
In base 16, what is b8 + -4?
b4
In base 15, what is -1601 - -1?
-1600
In base 3, what is 12 + 12002?
12021
In base 12, what is 4 - -6aa?
6b2
In base 6, what is -40 - -313?
233
In base 6, what is 115 + 3?
122
In base 6, what is 102 + -12?
50
In base 7, what is 4 - -61?
65
In base 8, what is -2431 - 2?
-2433
In base 5, what is 300000 + -10?
244440
In base 15, what is -3 + 40?
3c
In base 3, what is -21 - 22012?
-22110
In base 4, what is 13 - 10?
3
In base 2, what is 100 - -10011000111?
10011001011
In base 12, what is 133b + -5?
1336
In base 16, what is 9ac - -5?
9b1
In base 3, what is 2221201 - -2?
2221210
In base 2, what is -11100010100 - 110?
-11100011010
In base 10, what is 434 + -17?
417
In base 4, what is 130 + -131?
-1
In base 8, what is -11 + -12021?
-12032
In base 12, what is -1589 + -5?
-1592
In base 5, what is 3031 - -10?
3041
In base 11, what is 4 - -33a?
343
In base 8, what is 6 - 145?
-137
In base 6, what is -5241 + -1?
-5242
In base 11, what is -4 + -6a9?
-702
In base 2, what is -100 - 1000001011?
-1000001111
In base 4, what is -21 - -303?
222
In base 